{"id":5080,"date":"2021-03-07T22:54:00","date_gmt":"2021-03-07T22:54:00","guid":{"rendered":"https:\/\/conopo.com.ve\/sitio\/?post_type=product&#038;p=5080"},"modified":"2021-03-08T01:58:06","modified_gmt":"2021-03-08T01:58:06","slug":"libreta-asb-mdf","status":"publish","type":"product","link":"https:\/\/conopo.com.ve\/sitio\/producto\/libreta-asb-mdf\/","title":{"rendered":"Libreta ASB &#8211; MDF"},"content":{"rendered":"<p><strong>Libretas Venezuela, ASB, tama\u00f1o 1\/2 carta<\/strong><\/p>\n<p><strong>CARACTER\u00cdSTICAS<\/strong><br \/>\n\u2022 Medida: 22,5 cm de alto x 16 cm de ancho.<br \/>\n\u2022 70 hojas internas = 140 p\u00e1ginas totales.<br \/>\n\u2022 70 hojas internas, gen\u00e9ricas, impresas a 1 color en papel bond.<br \/>\n\u2022 Portada y contraportada en MDF de 3mm de grosor.<br \/>\n\u2022 Calendario 2021.<br \/>\n\u2022 Anilladas con espiral pl\u00e1stico.<\/p>\n<p><strong>CANTIDAD M\u00cdNIMA<\/strong><br \/>\n\u2022 A partir de 1 unidad.<br \/>\n\u2022 Podr\u00e1 pedir varios modelos y cantidades a\u00f1adi\u00e9ndolas al carrito.<\/p>\n<p><strong>TIEMPOS DE ENTREGA<\/strong><br \/>\n\u2022 Tiempos de entrega var\u00edan entre 5 y 10 d\u00edas h\u00e1biles.<\/p>\n<p><strong>SOBRE EL PAGO<\/strong><br \/>\n\u2022 Pagos 100% por adelantado.<br \/>\n\u2022 Precios no incluyen IVA.<br \/>\n\u2022 Aceptamos bol\u00edvares por BNC, Mercantil y Banesco.<br \/>\n\u2022 Aceptamos d\u00f3lares por Zelle y Paypal (+10% de comisi\u00f3n)<\/p>\n<p><strong>ENV\u00cdOS<\/strong><br \/>\n\u2022 Hacemos env\u00edos a nivel nacional.<br \/>\n\u2022 Costos de env\u00edo corren por cuenta del comprador.<br \/>\n\u2022 Embalajes especiales generar\u00e1n costos adicionales.<\/p>\n<p><strong>IMPORTANTE<\/strong><br \/>\n\u2022 Este producto se vende tal cual se muestra en las fotograf\u00edas, usted solamente podr\u00e1 elegir el tipo de hojas internas. Producto No personalizado. Si desea personalizar, favor escribir al correo electr\u00f3nico info@conopo.com.ve solicitando su cotizaci\u00f3n, deber\u00e1 adjuntar dise\u00f1o a personalizar.<\/p>\n","protected":false},"excerpt":{"rendered":"<p>Libretas Venezuela, ASB, tama\u00f1o 1\/2 carta CARACTER\u00cdSTICAS \u2022 Medida: 22,5 cm de alto x 16 cm de ancho. \u2022 70 hojas internas = 140 p\u00e1ginas totales. \u2022 70 hojas internas, gen\u00e9ricas, impresas a 1 color en papel bond. \u2022 Portada y contraportada en MDF de 3mm de grosor. \u2022 Calendario [&hellip;]<\/p>\n","protected":false},"featured_media":5081,"comment_status":"open","ping_status":"closed","template":"","meta":{"jetpack_post_was_ever_published":false,"jetpack_publicize_message":"","jetpack_publicize_feature_enabled":true,"jetpack_social_post_already_shared":true,"jetpack_social_options":{"image_generator_settings":{"template":"highway","default_image_id":0,"font":"","enabled":false},"version":2}},"product_brand":[],"product_cat":[50],"product_tag":[51,52,53],"class_list":{"0":"post-5080","1":"product","2":"type-product","3":"status-publish","4":"has-post-thumbnail","6":"product_cat-libretas-mdf","7":"product_tag-libretas","8":"product_tag-mdf","9":"product_tag-venezuela","11":"first","12":"instock","13":"sale","14":"taxable","15":"shipping-taxable","16":"purchasable","17":"product-type-variable"},"jetpack_publicize_connections":[],"jetpack_sharing_enabled":true,"_links":{"self":[{"href":"https:\/\/conopo.com.ve\/sitio\/wp-json\/wp\/v2\/product\/5080","targetHints":{"allow":["GET"]}}],"collection":[{"href":"https:\/\/conopo.com.ve\/sitio\/wp-json\/wp\/v2\/product"}],"about":[{"href":"https:\/\/conopo.com.ve\/sitio\/wp-json\/wp\/v2\/types\/product"}],"replies":[{"embeddable":true,"href":"https:\/\/conopo.com.ve\/sitio\/wp-json\/wp\/v2\/comments?post=5080"}],"wp:featuredmedia":[{"embeddable":true,"href":"https:\/\/conopo.com.ve\/sitio\/wp-json\/wp\/v2\/media\/5081"}],"wp:attachment":[{"href":"https:\/\/conopo.com.ve\/sitio\/wp-json\/wp\/v2\/media?parent=5080"}],"wp:term":[{"taxonomy":"product_brand","embeddable":true,"href":"https:\/\/conopo.com.ve\/sitio\/wp-json\/wp\/v2\/product_brand?post=5080"},{"taxonomy":"product_cat","embeddable":true,"href":"https:\/\/conopo.com.ve\/sitio\/wp-json\/wp\/v2\/product_cat?post=5080"},{"taxonomy":"product_tag","embeddable":true,"href":"https:\/\/conopo.com.ve\/sitio\/wp-json\/wp\/v2\/product_tag?post=5080"}],"curies":[{"name":"wp","href":"https:\/\/api.w.org\/{rel}","templated":true}]}}