{"id":292,"date":"2018-12-21T19:40:08","date_gmt":"2018-12-21T19:40:08","guid":{"rendered":"https:\/\/conopo.com.ve\/sitio\/?page_id=292"},"modified":"2019-02-20T18:06:31","modified_gmt":"2019-02-20T18:06:31","slug":"diseno-web","status":"publish","type":"page","link":"https:\/\/conopo.com.ve\/sitio\/diseno-web\/","title":{"rendered":"Dise\u00f1o Web"},"content":{"rendered":"\n<center><i class=\"fas fa-globe-americas fa-7x\" style=\"color: #6cbd45\"><\/i><\/center>\n<br>\n<br>\n<h1><strong>Hospedaje + Dise\u00f1o Web<\/strong><\/h1>\n<br>\n<h3><em>\u00abSi su negocio no est\u00e1 en internet, su negocio no existe\u00bb<\/em><\/h3>\n<br>\n<p>Ciertamente, aunque la frase fue dicha hace ya algunos a\u00f1os por el magnate de la Microsoft, Bill Gates, no se equivoc\u00f3.<\/p>\n<p>Hoy d\u00eda, con el avance de las tecnolog\u00edas en cuanto a la fluidez e inmediatez de la informaci\u00f3n a trav\u00e9s de herramientas comunes como los tel\u00e9fonos inteligentes, las tablets, las computadoras port\u00e1tiles, se hace de vital importancia para pensar en mejorar las ventas, estar cada vez m\u00e1s cerca de sus potenciales clientes.<\/p>\n<p>En el caso de los \u00abSmart Phones\u00bb ya es un hecho, es imprescindible estar al alcance de un potencial cliente a trav\u00e9s de un simple click, en cualquier lugar, en cualquier momento.<\/p>\n<p>Por las razones antes descritas, es que ya se ha convertido en un asunto \u00abvital\u00bb para las empresas, marcas o negocios, tener presencia en la internet, y la manera m\u00e1s seria de hacerlo es a trav\u00e9s de un sitio web.<\/p>\n<p>Conopo le ofrece el desarrollo de su sitio web desde el hospedaje, la b\u00fasqueda y selecci\u00f3n de su dominio, el desarrollo del sitio web hasta la puesta en marcha del mismo.<\/p>\n<h3>Ponemos a su disposici\u00f3n 3 planes de DISE\u00d1O para la creaci\u00f3n de su SITIO WEB:<\/h3>\n\n\n\n<ul class=\"wp-block-gallery columns-3 wp-block-gallery-1 is-layout-flex wp-block-gallery-is-layout-flex\"><li class=\"blocks-gallery-item\"><figure><a href=\"https:\/\/conopo.com.ve\/sitio\/wp-content\/uploads\/2019\/01\/DISENO-WEB-PLAN-PROFESIONAL.jpg\" rel=\"lightbox[292]\"><img loading=\"lazy\" decoding=\"async\" width=\"500\" height=\"500\" src=\"https:\/\/conopo.com.ve\/sitio\/wp-content\/uploads\/2019\/01\/DISENO-WEB-PLAN-PROFESIONAL.jpg\" alt=\"\" data-id=\"841\" data-link=\"https:\/\/conopo.com.ve\/sitio\/diseno-web\/diseno-web-plan-profesional\/\" class=\"wp-image-841\" srcset=\"https:\/\/conopo.com.ve\/sitio\/wp-content\/uploads\/2019\/01\/DISENO-WEB-PLAN-PROFESIONAL.jpg 500w, https:\/\/conopo.com.ve\/sitio\/wp-content\/uploads\/2019\/01\/DISENO-WEB-PLAN-PROFESIONAL-150x150.jpg 150w, https:\/\/conopo.com.ve\/sitio\/wp-content\/uploads\/2019\/01\/DISENO-WEB-PLAN-PROFESIONAL-300x300.jpg 300w, https:\/\/conopo.com.ve\/sitio\/wp-content\/uploads\/2019\/01\/DISENO-WEB-PLAN-PROFESIONAL-160x160.jpg 160w, https:\/\/conopo.com.ve\/sitio\/wp-content\/uploads\/2019\/01\/DISENO-WEB-PLAN-PROFESIONAL-50x50.jpg 50w\" sizes=\"auto, (max-width: 500px) 100vw, 500px\" \/><\/a><\/figure><\/li><li class=\"blocks-gallery-item\"><figure><a href=\"https:\/\/conopo.com.ve\/sitio\/wp-content\/uploads\/2019\/01\/DISENO-WEB-PLAN-EMPRESAS.jpg\" rel=\"lightbox[292]\"><img loading=\"lazy\" decoding=\"async\" width=\"500\" height=\"500\" src=\"https:\/\/conopo.com.ve\/sitio\/wp-content\/uploads\/2019\/01\/DISENO-WEB-PLAN-EMPRESAS.jpg\" alt=\"\" data-id=\"839\" data-link=\"https:\/\/conopo.com.ve\/sitio\/diseno-web\/diseno-web-plan-empresas\/\" class=\"wp-image-839\" srcset=\"https:\/\/conopo.com.ve\/sitio\/wp-content\/uploads\/2019\/01\/DISENO-WEB-PLAN-EMPRESAS.jpg 500w, https:\/\/conopo.com.ve\/sitio\/wp-content\/uploads\/2019\/01\/DISENO-WEB-PLAN-EMPRESAS-150x150.jpg 150w, https:\/\/conopo.com.ve\/sitio\/wp-content\/uploads\/2019\/01\/DISENO-WEB-PLAN-EMPRESAS-300x300.jpg 300w, https:\/\/conopo.com.ve\/sitio\/wp-content\/uploads\/2019\/01\/DISENO-WEB-PLAN-EMPRESAS-160x160.jpg 160w, https:\/\/conopo.com.ve\/sitio\/wp-content\/uploads\/2019\/01\/DISENO-WEB-PLAN-EMPRESAS-50x50.jpg 50w\" sizes=\"auto, (max-width: 500px) 100vw, 500px\" \/><\/a><\/figure><\/li><li class=\"blocks-gallery-item\"><figure><a href=\"https:\/\/conopo.com.ve\/sitio\/wp-content\/uploads\/2019\/01\/DISENO-WEB-PLAN-PREMIUM.jpg\" rel=\"lightbox[292]\"><img loading=\"lazy\" decoding=\"async\" width=\"500\" height=\"500\" src=\"https:\/\/conopo.com.ve\/sitio\/wp-content\/uploads\/2019\/01\/DISENO-WEB-PLAN-PREMIUM.jpg\" alt=\"\" data-id=\"840\" data-link=\"https:\/\/conopo.com.ve\/sitio\/diseno-web\/diseno-web-plan-premium\/\" class=\"wp-image-840\" srcset=\"https:\/\/conopo.com.ve\/sitio\/wp-content\/uploads\/2019\/01\/DISENO-WEB-PLAN-PREMIUM.jpg 500w, https:\/\/conopo.com.ve\/sitio\/wp-content\/uploads\/2019\/01\/DISENO-WEB-PLAN-PREMIUM-150x150.jpg 150w, https:\/\/conopo.com.ve\/sitio\/wp-content\/uploads\/2019\/01\/DISENO-WEB-PLAN-PREMIUM-300x300.jpg 300w, https:\/\/conopo.com.ve\/sitio\/wp-content\/uploads\/2019\/01\/DISENO-WEB-PLAN-PREMIUM-160x160.jpg 160w, https:\/\/conopo.com.ve\/sitio\/wp-content\/uploads\/2019\/01\/DISENO-WEB-PLAN-PREMIUM-50x50.jpg 50w\" sizes=\"auto, (max-width: 500px) 100vw, 500px\" \/><\/a><\/figure><\/li><\/ul>\n\n\n\n<p>Podr\u00e1 elegir sus planes de DISE\u00d1O y de HOSPEDAJE que m\u00e1s se adapten a las necesidades de la empresa, teniendo en cuenta que podr\u00e1 ir actualizando su sitio web en la medida de su crecimiento.<\/p><br>\n<h3>Ponemos a su disposici\u00f3n 3 planes de HOSPEDAJE para su SITIO WEB:<\/h3>\n\n\n\n<ul class=\"wp-block-gallery columns-3 wp-block-gallery-2 is-layout-flex wp-block-gallery-is-layout-flex\"><li class=\"blocks-gallery-item\"><figure><a href=\"https:\/\/conopo.com.ve\/sitio\/wp-content\/uploads\/2019\/01\/HOSPEDAJE-WEB-MINI.jpg\" rel=\"lightbox[292]\"><img loading=\"lazy\" decoding=\"async\" width=\"500\" height=\"500\" src=\"https:\/\/conopo.com.ve\/sitio\/wp-content\/uploads\/2019\/01\/HOSPEDAJE-WEB-MINI.jpg\" alt=\"\" data-id=\"847\" data-link=\"https:\/\/conopo.com.ve\/sitio\/diseno-web\/hospedaje-web-mini\/\" class=\"wp-image-847\" srcset=\"https:\/\/conopo.com.ve\/sitio\/wp-content\/uploads\/2019\/01\/HOSPEDAJE-WEB-MINI.jpg 500w, https:\/\/conopo.com.ve\/sitio\/wp-content\/uploads\/2019\/01\/HOSPEDAJE-WEB-MINI-150x150.jpg 150w, https:\/\/conopo.com.ve\/sitio\/wp-content\/uploads\/2019\/01\/HOSPEDAJE-WEB-MINI-300x300.jpg 300w, https:\/\/conopo.com.ve\/sitio\/wp-content\/uploads\/2019\/01\/HOSPEDAJE-WEB-MINI-160x160.jpg 160w, https:\/\/conopo.com.ve\/sitio\/wp-content\/uploads\/2019\/01\/HOSPEDAJE-WEB-MINI-50x50.jpg 50w\" sizes=\"auto, (max-width: 500px) 100vw, 500px\" \/><\/a><\/figure><\/li><li class=\"blocks-gallery-item\"><figure><a href=\"https:\/\/conopo.com.ve\/sitio\/wp-content\/uploads\/2019\/01\/HOSPEDAJE-WEB-EMPRESARIAL.jpg\" rel=\"lightbox[292]\"><img loading=\"lazy\" decoding=\"async\" width=\"500\" height=\"500\" src=\"https:\/\/conopo.com.ve\/sitio\/wp-content\/uploads\/2019\/01\/HOSPEDAJE-WEB-EMPRESARIAL.jpg\" alt=\"\" data-id=\"845\" data-link=\"https:\/\/conopo.com.ve\/sitio\/diseno-web\/hospedaje-web-empresarial\/\" class=\"wp-image-845\" srcset=\"https:\/\/conopo.com.ve\/sitio\/wp-content\/uploads\/2019\/01\/HOSPEDAJE-WEB-EMPRESARIAL.jpg 500w, https:\/\/conopo.com.ve\/sitio\/wp-content\/uploads\/2019\/01\/HOSPEDAJE-WEB-EMPRESARIAL-150x150.jpg 150w, https:\/\/conopo.com.ve\/sitio\/wp-content\/uploads\/2019\/01\/HOSPEDAJE-WEB-EMPRESARIAL-300x300.jpg 300w, https:\/\/conopo.com.ve\/sitio\/wp-content\/uploads\/2019\/01\/HOSPEDAJE-WEB-EMPRESARIAL-160x160.jpg 160w, https:\/\/conopo.com.ve\/sitio\/wp-content\/uploads\/2019\/01\/HOSPEDAJE-WEB-EMPRESARIAL-50x50.jpg 50w\" sizes=\"auto, (max-width: 500px) 100vw, 500px\" \/><\/a><\/figure><\/li><li class=\"blocks-gallery-item\"><figure><a href=\"https:\/\/conopo.com.ve\/sitio\/wp-content\/uploads\/2019\/01\/HOSPEDAJE-WEB-MASTER.jpg\" rel=\"lightbox[292]\"><img loading=\"lazy\" decoding=\"async\" width=\"500\" height=\"500\" src=\"https:\/\/conopo.com.ve\/sitio\/wp-content\/uploads\/2019\/01\/HOSPEDAJE-WEB-MASTER.jpg\" alt=\"\" data-id=\"846\" data-link=\"https:\/\/conopo.com.ve\/sitio\/diseno-web\/hospedaje-web-master\/\" class=\"wp-image-846\" srcset=\"https:\/\/conopo.com.ve\/sitio\/wp-content\/uploads\/2019\/01\/HOSPEDAJE-WEB-MASTER.jpg 500w, https:\/\/conopo.com.ve\/sitio\/wp-content\/uploads\/2019\/01\/HOSPEDAJE-WEB-MASTER-150x150.jpg 150w, https:\/\/conopo.com.ve\/sitio\/wp-content\/uploads\/2019\/01\/HOSPEDAJE-WEB-MASTER-300x300.jpg 300w, https:\/\/conopo.com.ve\/sitio\/wp-content\/uploads\/2019\/01\/HOSPEDAJE-WEB-MASTER-160x160.jpg 160w, https:\/\/conopo.com.ve\/sitio\/wp-content\/uploads\/2019\/01\/HOSPEDAJE-WEB-MASTER-50x50.jpg 50w\" sizes=\"auto, (max-width: 500px) 100vw, 500px\" \/><\/a><\/figure><\/li><\/ul>\n\n\n\n<h2><strong>Pasos a seguir:<\/strong><\/h2>\n<ul><li><strong>1.<\/strong> Elige el plan de DISE\u00d1O Y DE HOSPEDAJE WEB de tu preferencia &#8211; <em>favor indicarnos si tambi\u00e9n deseas comprar tu DOMINIO (.com, .net, .org, etc) o si ya lo tienes<\/em> &#8211; escr\u00edbenos y te haremos llegar por e-mail cotizaci\u00f3n con los detalles para que realices el pago correspondiente.<\/li>\n<br>\n<li><strong>2.<\/strong> Recaudaremos la informaci\u00f3n necesaria sobre tu empresa, producto o servicio, (textos, fotos, gr\u00e1ficos, etc) que utilizaremos para alimentar tu nuevo SITIO WEB. Revisaremos toda la informaci\u00f3n, corregiremos lo que consideremos necesario, estudiaremos tus necesidades, a tus posibles competidores y el sector al que estar\u00e1 dirigido tu nuevo SITIO WEB.<\/li>\n<br>\n<li><strong>3.<\/strong> A partir de la informaci\u00f3n recaudada, te presentaremos el esquema adecuado para el DISE\u00d1O WEB a utilizar de acuerdo al plan de DISE\u00d1O WEB que hayas seleccionado.<\/li>\n<br>\n<li><strong>4.<\/strong> Procederemos al montaje de tu nuevo SITIO WEB, seg\u00fan lo previamente establecido, lo pondremos en funcionamiento, configuraremos tus nuevos correos electr\u00f3nicos con tu nuevo DOMINIO y enviaremos al directorio de Google tu nuevo SITIO WEB.<\/li>\n<br>\n<li><strong>5.<\/strong> Puesta en marcha, pruebas, revisi\u00f3n y aprobaci\u00f3n del nuevo SITIO WEB por escrito (v\u00eda e-mail) en el que manifiestas tu plena conformidad.<\/li><\/ul><br>\n<p><strong>Importante:<\/strong> todos los SITIOS WEB dise\u00f1ados por nosotros incluyen el servicio de configuraci\u00f3n de correos electr\u00f3nicos corporativos (seg\u00fan el plan de HOSPEDAJE WEB seleccionado), copias de seguridad mensuales, certificados SSL, asesor\u00eda t\u00e9cnica para complementos adicionales y de marketing  .<\/p><br><\/br>\n\n\n\n<center><h1>Recuerde<br><strong>Hospedaje + Dise\u00f1o Web<\/strong><\/h1><\/center>\n<br>\n<br>\n\n\n\n<h2><strong>Escr\u00edbenos&#8230;<\/strong><\/h2>\n<br>\n<br>\n\n\n\n\n<div\n\t\tclass=\"pirate_forms_container widget-no\"\n\t\tid=\"pirate_forms_container_default\">\n\t<!-- header -->\n\t\n\t<!-- thank you -->\n\t\n\t<div class=\"pirate_forms_wrap\">\n\t\t<!-- errors -->\n\t\t\n\t\t<!-- form -->\n\t\t\n\t\t<form\n\t\t\t\tmethod=\"post\"\n\t\t\t\tenctype=\"application\/x-www-form-urlencoded\"\n\t\t\t\tclass=\"pirate_forms  form_honeypot-on wordpress-nonce-on pirate-forms-contact-name-on pirate-forms-contact-email-on pirate-forms-contact-subject-on pirate-forms-contact-message-on pirate-forms-contact-submit-on pirate_forms_from_form-on\"\n\t\t\t\t\t>\n\t\t\t<div class=\"pirate_forms_three_inputs_wrap \">\n\t\t\t\t\n\n<div class=\"col-xs-12 pirate_forms_three_inputs form_field_wrap contact_name_wrap col-xs-12 col-sm-6 contact_name_wrap pirate_forms_three_inputs form_field_wrap\">\n\t\t<input\n\t\t\ttype=\"text\"\n\t\t\tclass=\"form-control\" id=\"pirate-forms-contact-name\" name=\"pirate-forms-contact-name\" class=\"\" placeholder=\"Nombre y Apellido\" required oninvalid=\"this.setCustomValidity('Escriba su nombre')\" onchange=\"this.setCustomValidity('')\" value=\"\" >\n<\/div>\n\n\n<div class=\"col-xs-12 pirate_forms_three_inputs form_field_wrap contact_email_wrap col-xs-12 col-sm-6 contact_email_wrap pirate_forms_three_inputs form_field_wrap\">\n\t\t<input type=\"email\" class=\"form-control\" id=\"pirate-forms-contact-email\" name=\"pirate-forms-contact-email\" class=\"\" placeholder=\"Correo electr\u00f3nico\" required oninvalid=\"this.setCustomValidity('Escriba una direcci\u00f3n de correo electr\u00f3nico v\u00e1lida')\" onchange=\"this.setCustomValidity('')\" value=\"\">\n<\/div>\n\n\n<div class=\"col-xs-12 pirate_forms_three_inputs form_field_wrap contact_subject_wrap col-xs-12 contact_subject_wrap pirate_forms_three_inputs form_field_wrap\">\n\t\t<input\n\t\t\ttype=\"text\"\n\t\t\tclass=\"form-control\" id=\"pirate-forms-contact-subject\" name=\"pirate-forms-contact-subject\" class=\"\" placeholder=\"Tel\u00e9fonos\" required oninvalid=\"this.setCustomValidity('Por favor, escriba un asunto')\" onchange=\"this.setCustomValidity('')\" value=\"\" >\n<\/div>\n\t\t\t<\/div>\n\n\t\t\t\n\n<div class=\"col-xs-12 form_field_wrap contact_message_wrap col-xs-12 contact_message_wrap pirate_forms_three_inputs form_field_wrap\">\n\t\t<textarea\n\t\t\trows=\"5\" cols=\"30\"\n\t\t\tclass=\"form-control\" id=\"pirate-forms-contact-message\" name=\"pirate-forms-contact-message\" class=\"\" placeholder=\"Mensaje\" required oninvalid=\"this.setCustomValidity('Escriba su pregunta o comentario')\" onchange=\"this.setCustomValidity('')\" ><\/textarea>\n<\/div>\n\n\n<div class=\"col-xs-12 form_field_wrap contact_submit_wrap\">\n\t<button type=\"submit\" class=\"pirate-forms-submit-button btn btn-primary \" id=\"pirate-forms-contact-submit\" name=\"pirate-forms-contact-submit\" class=\"pirate-forms-submit-button btn btn-primary \" placeholder=\"\" >Enviar mensaje<\/button>\n<\/div>\n<input type=\"hidden\" id=\"pirate_forms_ajax\" name=\"pirate_forms_ajax\" class=\"\" placeholder=\"\"  value=\"0\"><div class=\"form_field_wrap hidden\" style=\"display: none\"><input type=\"text\" id=\"form_honeypot\" name=\"honeypot\" class=\"\" placeholder=\"\"  value=\"\"><\/div><input type=\"hidden\" id=\"pirate_forms_from_widget\" name=\"pirate_forms_from_widget\" class=\"\" placeholder=\"\"  value=\"0\"><input type=\"hidden\" id=\"wordpress-nonce\" name=\"wordpress-nonce\" class=\"\" placeholder=\"\"  value=\"b3ef54d28d\"><input type=\"hidden\" id=\"pirate_forms_from_form\" name=\"pirate_forms_from_form\" class=\"\" placeholder=\"\"  value=\"3e1c407a40\">\t\t<\/form>\n\n\t\t\n\t\t<div class=\"pirate_forms_clearfix\"><\/div>\n\t<\/div>\n\n\t<!-- footer -->\n\t<\/div>\n","protected":false},"excerpt":{"rendered":"<p>Hospedaje + Dise\u00f1o Web \u00abSi su negocio no est\u00e1 en internet, su negocio no existe\u00bb Ciertamente, aunque la frase fue dicha hace ya algunos a\u00f1os por el magnate de la Microsoft, Bill Gates, no se equivoc\u00f3. Hoy d\u00eda, con el avance de las tecnolog\u00edas en cuanto a la fluidez e [&hellip;]<\/p>\n","protected":false},"author":1,"featured_media":499,"parent":0,"menu_order":0,"comment_status":"closed","ping_status":"closed","template":"","meta":{"jetpack_post_was_ever_published":false,"footnotes":""},"class_list":["post-292","page","type-page","status-publish","has-post-thumbnail","hentry"],"jetpack_sharing_enabled":true,"jetpack_shortlink":"https:\/\/wp.me\/P9lUXh-4I","_links":{"self":[{"href":"https:\/\/conopo.com.ve\/sitio\/wp-json\/wp\/v2\/pages\/292","targetHints":{"allow":["GET"]}}],"collection":[{"href":"https:\/\/conopo.com.ve\/sitio\/wp-json\/wp\/v2\/pages"}],"about":[{"href":"https:\/\/conopo.com.ve\/sitio\/wp-json\/wp\/v2\/types\/page"}],"author":[{"embeddable":true,"href":"https:\/\/conopo.com.ve\/sitio\/wp-json\/wp\/v2\/users\/1"}],"replies":[{"embeddable":true,"href":"https:\/\/conopo.com.ve\/sitio\/wp-json\/wp\/v2\/comments?post=292"}],"version-history":[{"count":28,"href":"https:\/\/conopo.com.ve\/sitio\/wp-json\/wp\/v2\/pages\/292\/revisions"}],"predecessor-version":[{"id":1113,"href":"https:\/\/conopo.com.ve\/sitio\/wp-json\/wp\/v2\/pages\/292\/revisions\/1113"}],"wp:featuredmedia":[{"embeddable":true,"href":"https:\/\/conopo.com.ve\/sitio\/wp-json\/wp\/v2\/media\/499"}],"wp:attachment":[{"href":"https:\/\/conopo.com.ve\/sitio\/wp-json\/wp\/v2\/media?parent=292"}],"curies":[{"name":"wp","href":"https:\/\/api.w.org\/{rel}","templated":true}]}}