{"id":120,"date":"2017-11-14T13:42:12","date_gmt":"2017-11-14T13:42:12","guid":{"rendered":"https:\/\/conopo.com.ve\/sitio\/?page_id=120"},"modified":"2019-01-09T13:05:28","modified_gmt":"2019-01-09T13:05:28","slug":"conopo","status":"publish","type":"page","link":"https:\/\/conopo.com.ve\/sitio\/conopo\/","title":{"rendered":"CONOPO"},"content":{"rendered":"\n<h1><strong>\u00bfPor qu\u00e9 CONOPO?<\/strong><\/h1>\n<p>Palabra del idioma Pem\u00f3n cuyo significado es LLUVIA. Sin\u00f3nimo de agua, su presencia vital para cualquier tipo de vida. Implica cambios, creaci\u00f3n, nacimiento, desarrollo. Por ende, en una simple analog\u00eda: somos CONOPO, la lluvia, el agua para la creaci\u00f3n, el nacimiento y desarrollo de ideas para su proyecto.<\/p>\n<p>El idioma Pem\u00f3n pertenece a la familia de idiomas caribes, hablado principalmente por la etnia pem\u00f3n, ubicada en el Sureste de Venezuela (Estado Bol\u00edvar).<\/p>\n<br><\/br>\n<br><\/br>\n\n","protected":false},"excerpt":{"rendered":"<p>\u00bfPor qu\u00e9 CONOPO? Palabra del idioma Pem\u00f3n cuyo significado es LLUVIA. Sin\u00f3nimo de agua, su presencia vital para cualquier tipo de vida. Implica cambios, creaci\u00f3n, nacimiento, desarrollo. Por ende, en una simple analog\u00eda: somos CONOPO, la lluvia, el agua para la creaci\u00f3n, el nacimiento y desarrollo de ideas para su [&hellip;]<\/p>\n","protected":false},"author":1,"featured_media":609,"parent":0,"menu_order":0,"comment_status":"closed","ping_status":"closed","template":"","meta":{"jetpack_post_was_ever_published":false,"footnotes":""},"class_list":["post-120","page","type-page","status-publish","has-post-thumbnail","hentry"],"jetpack_sharing_enabled":true,"jetpack_shortlink":"https:\/\/wp.me\/P9lUXh-1W","_links":{"self":[{"href":"https:\/\/conopo.com.ve\/sitio\/wp-json\/wp\/v2\/pages\/120","targetHints":{"allow":["GET"]}}],"collection":[{"href":"https:\/\/conopo.com.ve\/sitio\/wp-json\/wp\/v2\/pages"}],"about":[{"href":"https:\/\/conopo.com.ve\/sitio\/wp-json\/wp\/v2\/types\/page"}],"author":[{"embeddable":true,"href":"https:\/\/conopo.com.ve\/sitio\/wp-json\/wp\/v2\/users\/1"}],"replies":[{"embeddable":true,"href":"https:\/\/conopo.com.ve\/sitio\/wp-json\/wp\/v2\/comments?post=120"}],"version-history":[{"count":8,"href":"https:\/\/conopo.com.ve\/sitio\/wp-json\/wp\/v2\/pages\/120\/revisions"}],"predecessor-version":[{"id":617,"href":"https:\/\/conopo.com.ve\/sitio\/wp-json\/wp\/v2\/pages\/120\/revisions\/617"}],"wp:featuredmedia":[{"embeddable":true,"href":"https:\/\/conopo.com.ve\/sitio\/wp-json\/wp\/v2\/media\/609"}],"wp:attachment":[{"href":"https:\/\/conopo.com.ve\/sitio\/wp-json\/wp\/v2\/media?parent=120"}],"curies":[{"name":"wp","href":"https:\/\/api.w.org\/{rel}","templated":true}]}}